= -6*l**2 - 153*l + 168. Let o(f) = t*d(f) + 4*s(f). What is the hundreds digit of o(12)?
2
Let s(y) = -y**3 - 7*y**2 - 10*y + 4. Let u be s(-5). Let c = -278 + 405. Suppose 0 = x - m - c, -3*x + u*m + 331 = -51. What is the hundreds digit of x?
1
Suppose -6 = 22*s + 16. Let l(w) = 1128*w**2 - 4*w - 1. What is the tens digit of l(s)?
3
Let u(f) = -f**3 - f**2 - f. Let l(y) = 4*y**3 + 20*y**2 - 6*y - 28. Let b(q) = -l(q) - 5*u(q). What is the units digit of b(16)?
0
Let q be 2*2/(-4)*0. Suppose 2*n - n - 3 = q. What is the units digit of 20/(n/(-2)*(-4)/6)?
0
Suppose n - 31 = 4*y, -5*y + 5*n + 15 - 65 = 0. Let j(s) = -27*s - 42. What is the units digit of j(y)?
7
Let u be (168/5)/(3/10). Let a(l) = 8*l**2 + 21*l + 137. Let o be a(-5). Let g = o - u. What is the hundreds digit of g?
1
Suppose -5*b - 30 + 0 = -5*d, b + 17 = 2*d. Let t(h) = 5*h**3 - 40*h**2 + 12*h + 23. What is the units digit of t(d)?
0
What is the ten thousands digit of 6*((-20)/(-5) - 28383/(-9))?
1
Let p(m) = m**2 + 0*m - m + 6 - 4 - 9*m. What is the hundreds digit of p(21)?
2
Let k be (-3)/(-4) - 29187/(-188). What is the hundreds digit of 4258/3 + 260/k?
4
Let u = 8 - 0. Suppose 18*n = 153 + 63. What is the hundreds digit of 21/n + -2 + 1130/u?
1
Let m be ((-658)/56)/((15/(-12))/5). Suppose 2*d = -37 - m. What is the tens digit of (-14)/63*d*(-6)/(-2)?
2
Suppose 0 = -14*u + 402 - 2040. Suppose 178 - 1318 = -4*n. Let k = u + n. What is the units digit of k?
8
Suppose t - 216 = -5*q + 516, q - 144 = -t. Suppose -1275 = 132*r - 149*r. Let d = q - r. What is the tens digit of d?
7
Let r(u) = -2672*u**3. Let j be r(-1). Suppose -364*m = -366*m + j. What is the thousands digit of m?
1
Let x(q) = -34*q + 12. Suppose 0 = v + v + 6. Let l be x(v). Let n = l + -16. What is the units digit of n?
8
Suppose 6*o - 862 - 1100 = 0. Suppose -q + 371 = o. What is the units digit of q?
4
Let j = -428 + 314. Let l = j + 938. What is the tens digit of l?
2
Suppose 38 = 23*g - 8. Suppose -2*p - 5*w = -1204, 6*w - 5*w - 1220 = -g*p. What is the hundreds digit of p?
6
Let l be (15/(-2))/(1/(-26)). Suppose 2*m = -j + 879, -j = 4*m - 690 - l. What is the tens digit of j?
7
Let i be 4 + ((-24)/14)/(4/(-1638)). Let m = i + -355. What is the units digit of m?
1
Let q = 60 - -454. Let k = q + 226. What is the units digit of k?
0
Suppose 2*m = -62 + 24. Let b(h) = -h**3 - 19*h**2 + 3*h - 12. Let k be b(m). What is the hundreds digit of (-1 + 5)/(k/(-67) - 1)?
1
Let t(g) = -g**2 - 15*g + 90. Let b be t(-16). What is the units digit of (1 + 5/3)/(b/1443)?
2
Let n(p) = -p**3 + 3*p - 277. Let q be n(0). Let t be q*2/(-2) + -1. What is the tens digit of 0/(-4 + 0) - t/(-3)?
9
Let q = 23 + -19. Suppose d = q*i, i = 1 - 4. What is the units digit of (-32)/d + -2 - (-884)/6?
8
Suppose -108350 = -3*w + 26*d - 31*d, 0 = -3*w + 4*d + 108422. What is the tens digit of w?
3
Suppose 0 = -5*w + 3*m + 36 + 28, -3*m = 9. Let j(n) = 0*n**3 - w + 5*n**2 + n - 9*n**2 + n**3 - n**2. What is the tens digit of j(7)?
9
Let a be (10*3/24)/((-4)/(-16)). Suppose -4*w + 236 = -a*t, t + 112 = -2*w + 4*w. Let r = w - 30. What is the units digit of r?
4
Let l(j) = 9*j**2 + 19*j + 79. Let t be l(-11). Let v = -627 + t. What is the units digit of v?
2
Suppose -1030 = -f - f. Let m(b) = -b**3 + 15*b**2 - 10*b - 21. Let q be m(12). Suppose -5*d + f = -5*g, -d - 3*g = 2*d - q. What is the tens digit of d?
0
Let y(p) = p**3 - 6*p**2 + 6*p. Let w(f) = -f**3 + 8*f**2 - 7*f + 9. Let m be w(7). What is the tens digit of y(m)?
9
Let i(g) = -2*g - 8. Let b be i(5). Let q be 3/(b/(-99) + 3/44). Suppose -v + q + 42 = 0. What is the tens digit of v?
5
Suppose -20 = 60*b - 58*b. What is the tens digit of 8/b + (-61888)/(-160)?
8
Suppose 0*l - 275 = 4*l + 5*b, b = 2*l + 155. Let p be ((41652/65)/(-18))/(2/(-10)). Let x = p + l. What is the hundreds digit of x?
1
Let k(s) = 7*s**3 + 12*s**2 - 2*s + 7. Let z = -127 + 128. Let r(h) = h**3 + h**2 + h + 1. Let g(a) = z*k(a) - 6*r(a). What is the tens digit of g(4)?
2
Suppose -5*w + l - 32 = 0, l + 20 - 34 = 2*w. What is the hundreds digit of w + -1 + 5 - -709?
7
Let c(r) = -12*r - 183. Let g(w) = -5*w - 92. Let x(o) = 3*c(o) - 5*g(o). What is the tens digit of x(-21)?
4
Suppose -2*y + 3*y = 3*z + 91, 3*y = z + 241. Suppose 0 = -5*t + y + 36. Let j = 75 - t. What is the tens digit of j?
5
What is the units digit of -13 - (-27 + 1) - -39813?
6
Suppose -3*v - 6998 = -5*m + 13629, m + v - 4127 = 0. What is the thousands digit of m?
4
Let x(h) = 5391*h + 217. What is the tens digit of x(3)?
9
Let a be 82770/18 + (-18)/(-27). Suppose -4*k - 4*x + 2013 = -a, -k + 1649 = 5*x. What is the units digit of k?
4
Let o(v) = v**3 - 13*v**2 + 9*v - 46. Let w be o(25). Suppose -w = -11*k + 1660. What is the tens digit of k?
4
Let l(o) = 2*o + 37. Let v be l(-7). Suppose -4*u - 91 = -5*f, 9 - v = -f + 5*u. Suppose 14*b = f*b - 845. What is the units digit of b?
9
Let d(p) = 10*p**2 - p - 11. Let v = 63 + -68. Let r be d(v). What is the units digit of r/6*(-42)/(-28)?
1
Let r be 572/220 + (-4)/(-10). Suppose 0 = -5*g - 5*b + 6415, -2*b + 7 = r. What is the tens digit of g?
8
Let y be 2*(15/5)/3. Suppose 0 = -y*f + 4, -4*f - f = -i + 1072. What is the hundreds digit of i?
0
Suppose 8*r - 429 = 59. Let n = -166 + r. Let j = n - -173. What is the tens digit of j?
6
Let t(b) = 6721*b + 7656. What is the units digit of t(8)?
4
Let z(f) = 3*f**3 + 5*f**2 - 6*f + 15. Let c = -5 - -10. Let k be z(c). Suppose -10*l + k = -125. What is the tens digit of l?
6
Let m(b) = -b**3 - 2*b**2 + 7*b + 4. Let a be m(-4). What is the hundreds digit of (-1*6/(-9))/(a/2916)?
2
Let u = 20876 + -13287. What is the tens digit of u?
8
Suppose -44*h + 25274 = -57360 + 2070. What is the thousands digit of h?
1
Let r be (-135)/(-20) + (-6)/(-24). Let c(d) be the third derivative of d**6/120 - 7*d**5/60 + 5*d**4/24 - d**3/3 + 2*d**2. What is the tens digit of c(r)?
3
Let z be (-528)/(-64)*(3 + 1). Suppose z*i = -13*i + 69690. What is the hundreds digit of i?
5
Let i = 77188 + -52738. What is the units digit of i?
0
Suppose -4*k + 14 = -2*h - 44, -4*k - 4*h + 28 = 0. Suppose 4*q - 4*g + 512 = 0, -2 + k = -5*g. Let i = 273 + q. What is the hundreds digit of i?
1
Suppose 0 = 19*n + 82728 - 215044. Suppose n = 38*m - 34*m. What is the units digit of m?
1
Suppose 0 = 4*w - g - 34402, w - 3*g - 3837 = 4769. What is the units digit of w?
0
Let q(t) = 4*t**2 + 66*t + 160. What is the tens digit of q(-55)?
3
Let x be 2 - (-3)/(-2) - 24/(-16). Let w(t) = -t**3 - 38 + 22*t**x - 4*t + 5*t + 73. What is the units digit of w(22)?
7
Let c = 38 - 39. Let b be ((-47)/(-3))/(c/(-3)). Let f = b + 37. What is the tens digit of f?
8
Let o = -56 - -75. Suppose 5*b + o = -3*j, j - 14 = 4*b + 8. What is the tens digit of ((-94)/8 - b)/(2/(-8))?
2
Let t(u) = -2*u - 13. Let v be t(-15). Suppose 0 = -6*o - v*o + 10396. What is the hundreds digit of o?
4
Suppose -3*o + 1835 = 2*v, -o = -0*o + 4*v - 595. Let w = -238 + o. What is the tens digit of w?
7
Suppose 33*m - 2 = 31*m. Let u be 6/(-3)*(m - 3). Suppose -5*k - 8*h = -4*h - 279, 4*k = -u*h + 220. What is the tens digit of k?
5
Let q(t) = -t**3 - t**2 - 132*t - 42. What is the units digit of q(-22)?
6
Suppose 5*b + 2*u - 9 = 4*b, -12 = -2*b - 2*u. Suppose 3*h = l - 42, b*h + 150 = l + 2*l. What is the units digit of l?
4
Let y = -3952 + 4452. What is the tens digit of y?
0
Suppose 37*t - 6*t = 297166. What is the hundreds digit of t?
5
Suppose -48*v + 3*v + 0*v + 354375 = 0. What is the hundreds digit of v?
8
Let r be (1974/(-470))/(6/20). What is the units digit of (2/(-10))/(r/111790)?
7
Let k(u) = -188*u**2 - 2. Let n(f) be the second derivative of -47*f**4/3 + f**3/6 - f**2 + 18*f. Let z(w) = 2*k(w) - 3*n(w). What is the units digit of z(1)?
7
Let l be (-13)/(52/12)*-4679. Suppose 0 = 21*h + 3537 - l. What is the tens digit of h?
0
Let w(r) = 20*r**2 + 890*r - 68. What is the units digit of w(-61)?
2
Suppose -5*b + 126150 = 2*d, -34*b = -5*d - 38*b + 315409. What is the units digit of d?
5
Let p = 313 + -298. Suppose -p*v = -14142 - 9243. What is the units digit of v?
9
Suppose 13*o - 15 - 63 = 0. What is the thousands digit of 2690/2 - (o + -6)/12?
1
Let t(d) be the first derivative of d**4/4 - d**2 + 1009*d - 2. Let f be